s digit of 33359?
3
What is the tens digit of 601?
0
What is the thousands digit of 7154?
7
What is the units digit of 411?
1
What is the ten thousands digit of 14126?
1
What is the ten thousands digit of 38868?
3
What is the tens digit of 72061?
6
What is the thousands digit of 23938?
3
What is the units digit of 37677?
7
What is the hundreds digit of 1560?
5
What is the hundreds digit of 980?
9
What is the tens digit of 32927?
2
What is the hundreds digit of 1748?
7
What is the thousands digit of 2155?
2
What is the tens digit of 25?
2
What is the tens digit of 9267?
6
What is the tens digit of 183?
8
What is the tens digit of 3060?
6
What is the thousands digit of 32008?
2
What is the units digit of 40590?
0
What is the hundreds digit of 63183?
1
What is the units digit of 263?
3
What is the hundreds digit of 20737?
7
What is the tens digit of 42668?
6
What is the thousands digit of 67851?
7
What is the units digit of 388?
8
What is the hundreds digit of 101015?
0
What is the tens digit of 10530?
3
What is the units digit of 1760?
0
What is the units digit of 750?
0
What is the tens digit of 77?
7
What is the units digit of 41733?
3
What is the thousands digit of 14398?
4
What is the tens digit of 2756?
5
What is the hundreds digit of 5365?
3
What is the units digit of 17469?
9
What is the thousands digit of 49405?
9
What is the hundreds digit of 289?
2
What is the hundreds digit of 100537?
5
What is the units digit of 34272?
2
What is the units digit of 665?
5
What is the hundreds digit of 1910?
9
What is the hundreds digit of 33250?
2
What is the hundreds digit of 1194?
1
What is the units digit of 5102?
2
What is the hundreds digit of 9695?
6
What is the tens digit of 490?
9
What is the tens digit of 161?
6
What is the hundreds digit of 1980?
9
What is the tens digit of 5911?
1
What is the tens digit of 11359?
5
What is the tens digit of 1133?
3
What is the tens digit of 174?
7
What is the tens digit of 6823?
2
What is the units digit of 11123?
3
What is the units digit of 827?
7
What is the thousands digit of 5255?
5
What is the units digit of 7443?
3
What is the ten thousands digit of 27668?
2
What is the hundreds digit of 749?
7
What is the tens digit of 26782?
8
What is the ten thousands digit of 45914?
4
What is the hundreds digit of 1604?
6
What is the tens digit of 66?
6
What is the units digit of 11843?
3
What is the ten thousands digit of 174343?
7
What is the hundreds digit of 270?
2
What is the tens digit of 4649?
4
What is the tens digit of 13015?
1
What is the hundreds digit of 3720?
7
What is the thousands digit of 18939?
8
What is the units digit of 858?
8
What is the units digit of 636?
6
What is the hundreds digit of 5641?
6
What is the units digit of 123590?
0
What is the tens digit of 2971?
7
What is the tens digit of 6207?
0
What is the thousands digit of 4530?
4
What is the hundreds digit of 8505?
5
What is the units digit of 828?
8
What is the tens digit of 5229?
2
What is the thousands digit of 1486?
1
What is the units digit of 20084?
4
What is the units digit of 1728?
8
What is the ten thousands digit of 15649?
1
What is the units digit of 8924?
4
What is the thousands digit of 1559?
1
What is the units digit of 14330?
0
What is the units digit of 225?
5
What is the units digit of 54256?
6
What is the tens digit of 1624?
2
What is the hundred thousands digit of 101388?
1
What is the units digit of 102388?
8
What is the tens digit of 41901?
0
What is the units digit of 37491?
1
What is the units digit of 2787?
7
What is the tens digit of 609?
0
What is the units digit of 4421?
1
What is the hundreds digit of 292?
2
What is the thousands digit of 4533?
4
What is the thousands digit of 18144?
8
What is the thousands digit of 11512?
1
What is the units digit of 453?
3
What is the units digit of 7071?
1
What is the units digit of 1352?
2
What is the ten thousands digit of 12714?
1
What is the tens digit of 7624?
2
What is the thousands digit of 15653?
5
What is the ten thousands digit of 86607?
8
What is the thousands digit of 11416?
1
What is the units digit of 29508?
8
What is the tens digit of 284?
8
What is the tens digit of 536?
3
What is the units digit of 90071?
1
What is the tens digit of 8707?
0
What is the units digit of 471?
1
What is the thousands digit of 2478?
2
What is the hundreds digit of 8064?
0
What is the units digit of 695?
5
What is the thousands digit of 1672?
1
What is the hundreds digit of 902?
9
What is the thousands digit of 19900?
9
What is the units digit of 990?
0
What is the units digit of 22085?
5
What is the tens digit of 28112?
1
What is the units digit of 8789?
9
What is the units digit of 515?
5
What is the tens digit of 55443?
4
What is the hundreds digit of 328?
3
What is the thousands digit of 23150?
3
What is the hundreds digit of 41701?
7
What is the ten thousands digit of 23138?
2
What is the hundreds digit of 42157?
1
What is the hundreds digit of 6493?
4
What is the tens digit of 1119?
1
What is the hundreds digit of 814?
8
What is the units digit of 570?
0
What is the hundreds digit of 41727?
7
What is the tens digit of 1815?
1
What is the hundreds digit of 5307?
3
What is the thousands digit of 1451?
1
What is the thousands digit of 15868?
5
What is the units digit of 621?
1
What is the tens digit of 6138?
3
What is the thousands digit of 124668?
4
What is the tens digit of 9666?
6
What is the thousands digit of 1144?
1
What is the units digit of 9277?
7
What is the units digit of 10575?
5
What is the ten thousands digit of 49509?
4
What is the hundreds digit of 16493?
4
What is the tens digit of 14247?
4
What is the units digit of 2513?
3
What is the units digit of 1124?
4
What is the ten thousands digit of 69807?
6
What is the units digit of 12187?
7
What is the hundreds digit of 3778?
7
What is the thousands digit of 5375?
5
What is the ten thousands digit of 30781?
3
What is the thousands digit of 2894?
2
What is the thousands digit of 1217?
1
What is the thousands digit of 24401?
4
What is the units digit of 27428?
8
What is the units digit of 18860?
0
What is the ten thousands digit of 39447?
3
What is the tens digit of 21?
2
What is the units digit of 3314?
4
What is the tens digit of 204?
0
What is the tens digit of 38147?
4
What is the units digit of 6054?
4
What is the units digit of 538?
8
What is the tens digit of 35539?
3
What is the ten thousands digit of 11104?
1
What is the hundreds digit of 3490?
4
What is the tens digit of 659?
5
What is the hundreds digit of 9284?
2
What is the units digit of 607?
7
What is the thousands digit of 50879?
0
What is the hundreds digit of 45339?
3
What is the units digit of 3677?
7
What is the hundreds digit of 417?
4
What is the hundreds digit of 13605?
6
What is the ten thousands digit of 110129?
1
What is the ten thousands digit of 65260?
6
What is the tens digit of 281?
8
What is the tens digit of 14134?
3
What is the tens digit of 1270?
7
What is the hundreds digit of 449?
4
What is the thousands digit of 4836?
4
What is the units digit of 5069?
9
What is the units digit of 9?
9
What is the units digit of 4175?
5
What is the hundreds digit of 395?
3
What is the tens digit of 229?
2
What is the thousands digit of 5177?
5
What is the units digit of 40832?
2
What is the units digit of 1860?
0
What is the tens digit of 8867?
6
What is the units digit of 1365?
5
What is the tens digit of 118407?
0
What is the hundreds digit of 7797?
7
What is the hundreds digit of 488?
4
What is the hundreds digit of 597?
5
What is the hundreds digit of 782?
7
What is the units digit of 18551?
1
What is the tens digit of 3289?
8
What is the units digit of 66?
6
What is the hundreds digit of 224?
2
What is the tens digit of 14585?
8
What is the ten thousands digit of 41900?
4
What is the tens digit of 8263?
6
What is the hundreds digit of 903?
9
What is the hundred thousands digit of 159135?
1
What is the ten thousands digit of 60990?
6
What is the tens digit of 6019?
1
What is the hundreds digit of 4382?
3
What is the thousands digit of 6823?
6
What is the thousands digit of 11618?
1
What is the units digit of 42293?
3
What is the hundreds digit of 4117?
1
What is the tens digit of 268?
6
What is the hundred thousands digit of 104057?
1